a) = -24*a - 379. Calculate t(-16).
5
Let c(x) = 26*x - 1004. Calculate c(38).
-16
Let i(k) = -369*k - 27680. What is i(-75)?
-5
Let f(c) = 38*c - 733. Determine f(19).
-11
Let b(c) = 4*c**2 - 15*c - 14. Give b(3).
-23
Let d(q) = q**3 + 9*q**2 - 10*q - 95. Calculate d(-8).
49
Let y(a) = -248*a + 1004. Determine y(4).
12
Let v(m) = 2*m**2 + 7*m - 42. Determine v(4).
18
Let w(t) = 2397*t + 9591. Determine w(-4).
3
Let a(z) = 2365*z - 33111. Calculate a(14).
-1
Let y(i) = -10*i - 189. Give y(-6).
-129
Let t(k) = -2*k**3 + 11*k**2 + 17*k + 21. Determine t(7).
-7
Let d(z) = 5*z**3 - 163*z**2 - 74*z + 72. Calculate d(33).
-192
Let s(k) = -k**3 - 34*k**2 - 192*k - 66. Determine s(-27).
15
Let v(t) = 222*t - 3546. Calculate v(16).
6
Let n(q) = -7*q**2 - 2*q + 102. Give n(-4).
-2
Let v(j) = -2*j**3 - 51*j**2 + 4*j - 509. Give v(-26).
63
Let b(s) = -s**3 - 4*s**2 - 2*s - 38. What is b(-5)?
-3
Let a(w) = -2*w**2 - 3*w - 14. Determine a(4).
-58
Let w(t) = 57*t + 1545. What is w(-28)?
-51
Let c(f) = f**3 + 3*f**2 - 11*f - 12. What is c(-7)?
-131
Let n(u) = 2*u**3 + 7*u**2 - 15*u - 20. Give n(-5).
-20
Let y(c) = c + 23. Calculate y(-19).
4
Let n(g) = -84*g + 2727. What is n(34)?
-129
Let f(u) = -u**3 + 2*u**2 + 74*u + 54. What is f(10)?
-6
Let i(r) = -r**3 + 13*r**2 - 16*r + 52. Determine i(11).
118
Let c(d) = -51*d - 759. Determine c(-15).
6
Let f(k) = -2062*k - 24689. Give f(-12).
55
Let f(p) = -2*p - 155. What is f(-63)?
-29
Let d(i) = -2*i**2 - 236*i + 1740. Determine d(7).
-10
Let h(b) = -27*b + 719. Calculate h(28).
-37
Let q(a) = 36823*a - 220935. Determine q(6).
3
Let b(u) = 13*u**2 - 23*u + 36. Determine b(3).
84
Let u(h) = 15*h**3 + 354*h**2 + 207*h - 5. What is u(-23)?
-5
Let f(n) = -4*n**3 - 729*n**2 - 3026*n - 2. Calculate f(-178).
-2
Let z(q) = -q**3 - 6*q**2 - 21*q - 459. Calculate z(-9).
-27
Let s(h) = 3*h**3 + 3*h**2 + 6*h + 134. What is s(-6)?
-442
Let g(q) = -q**3 + 24*q + 9. What is g(5)?
4
Let q(h) = 90*h**2 + 888*h - 11. Calculate q(-10).
109
Let z(h) = 919*h - 5554. Calculate z(6).
-40
Let r(j) = -26*j - 43. What is r(-7)?
139
Let m(o) = -23*o - 443. Determine m(-22).
63
Let j(b) = -b**3 - 2*b**2 - 12*b + 29. What is j(2)?
-11
Let v(l) = -l**2 - 65*l + 252. Determine v(4).
-24
Let r(q) = q**3 - 34*q**2 + 65*q - 25. Determine r(32).
7
Let v(z) = -2*z + 171. Calculate v(21).
129
Let s(w) = 32*w - 220. What is s(7)?
4
Let w(t) = -1603*t + 6445. Determine w(4).
33
Let u(h) = -10*h**2 + 40*h + 37. Give u(7).
-173
Let t(y) = -y**2 - 452*y - 3118. Determine t(-7).
-3
Let r(w) = 42*w**2 + 3362*w + 151. Give r(-80).
-9
Let r(h) = 17*h**2 - 68*h + 15. Calculate r(6).
219
Let d(t) = 634*t + 2498. Give d(-4).
-38
Let z(v) = 3*v**2 - 205*v + 410. Calculate z(66).
-52
Let z(o) = -97*o - 2520. Give z(-26).
2
Let n(i) = 171*i**3 - 11*i - 10. What is n(-1)?
-170
Let u(a) = 7*a**2 - 152*a - 1679. Give u(-8).
-15
Let h(g) = g**3 - 248*g**2 - 3*g - 4. Calculate h(0).
-4
Let g(v) = -192*v - 1907. Determine g(-9).
-179
Let j(f) = 2*f**2 + 18*f + 63. What is j(-9)?
63
Let c(n) = 14*n + 316. What is c(-20)?
36
Let v(g) = g**2 + 27*g + 81. Calculate v(-22).
-29
Let j(i) = -114*i + 58. Give j(1).
-56
Let p(g) = -3*g**2 + 15*g + 38. Calculate p(7).
-4
Let m(a) = 4*a**3 + 65*a**2 + 76*a - 12. What is m(-15)?
-27
Let q(d) = 62*d + 549. Determine q(-9).
-9
Let m(z) = 81*z - 9070. What is m(112)?
2
Let i(p) = 3*p**3 + 8*p**2 - 5*p - 8. What is i(-3)?
-2
Let c(h) = h**3 + 7*h**2 + 9*h - 71. Calculate c(-8).
-207
Let i(x) = 8*x**2 - 5*x - 3. Calculate i(3).
54
Let t(s) = -22852*s + 91412. Calculate t(4).
4
Let t(n) = 973*n + 11674. Calculate t(-12).
-2
Let r(s) = -s**2 + 125*s - 984. Determine r(9).
60
Let g(b) = 675*b + 48618. Determine g(-72).
18
Let m(c) = -528*c + 5226. Calculate m(10).
-54
Let k(l) = -l**3 + 9*l**2 - 21*l + 7. Calculate k(3).
-2
Let p(x) = -x**3 + 6*x**2 + 13*x - 24. Give p(7).
18
Let l(g) = g**3 - 2693*g + 577. Determine l(-52).
5
Let v(w) = 26*w**2 + 74*w - 16. What is v(-3)?
-4
Let n(w) = 2678*w + 2677. Calculate n(-1).
-1
Let o(i) = 3*i**3 + 3*i**2 - 9*i - 16. What is o(-3)?
-43
Let v(j) = -j**3 - 24*j**2 + 11*j + 9. Determine v(0).
9
Let a(b) = -b**2 + 23*b - 57. Give a(28).
-197
Let b(m) = -2*m**2 + 127*m - 109. What is b(68)?
-721
Let a(q) = -2*q**2 + 19*q + 551. What is a(27)?
-394
Let m(w) = w**2 - 43*w + 339. What is m(11)?
-13
Let v(n) = 17*n**2 - 161*n - 517. Determine v(-3).
119
Let z(w) = -14*w - 123. Give z(-5).
-53
Let j(q) = 25*q + 3691. Calculate j(-148).
-9
Let j(n) = -2*n**2 - 1779*n + 17985. Determine j(10).
-5
Let r(k) = -877*k + 3507. Determine r(4).
-1
Let n(j) = -3*j**2 - 399*j + 1273. What is n(-136)?
49
Let l(q) = -q**2 + 58*q + 62. What is l(59)?
3
Let w(i) = 9*i**3 - 209*i**2 + 50*i - 81. Determine w(23).
11
Let s(i) = -235*i - 4427. Determine s(-19).
38
Let a(w) = -251*w - 15. Determine a(-1).
236
Let u(w) = -w**3 + 9*w**2 - 10*w - 16. Calculate u(7).
12
Let f(s) = -5*s**2 + 61*s + 90. Calculate f(14).
-36
Let j(n) = 2*n**3 - 15*n**2 - 35*n + 14. What is j(10)?
164
Let h(j) = 479*j - 32583. Determine h(68).
-11
Let v(c) = c**3 + 7*c**2 - c - 30. What is v(0)?
-30
Let b(l) = 6*l**2 + 15*l - 70. Calculate b(3).
29
Let k(o) = -o**2 - 5*o - 12. Give k(-10).
-62
Let m(k) = 3*k**2 - 9*k - 166. Determine m(9).
-4
Let b(i) = -426*i + 8528. Determine b(20).
8
Let s(z) = 12787*z + 204584. Give s(-16).
-8
Let u(w) = -w**3 + 104*w**2 + 1273*w + 23. Calculate u(-11).
-65
Let o(h) = -37*h + 28. Determine o(1).
-9
Let u(v) = -v**3 - 11*v**2 + 4*v + 81. Determine u(-5).
-89
Let m(v) = -3*v**2 + 63*v + 1771. What is m(37)?
-5
Let q(j) = -87*j + 2251. Give q(26).
-11
Let z(i) = -i**2 + 2*i + 784. Calculate z(-27).
1
Let h(a) = -113*a + 47. Determine h(1).
-66
Let t(p) = -75*p - 862. Calculate t(-12).
38
Let i(g) = -9*g + 102. What is i(11)?
3
Let d(q) = 10*q**2 - 133*q + 986. Give d(8).
562
Let g(v) = -67*v - 545. Calculate g(-7).
-76
Let n(i) = -i**3 + 130*i**2 + 529*i + 939. What is n(134)?
1
Let i(n) = 113*n**2 - 2710*n - 42. Calculate i(24).
6
Let n(l) = 2*l**2 + 29*l - 3224. Give n(-48).
-8
Let w(y) = y**2 - 243*y - 4140. What is w(-16)?
4
Let v(d) = -10*d**3 - 51*d**2 + 3*d + 15. What is v(-5)?
-25
Let d(n) = 670*n + 2. Give d(0).
2
Let k(y) = -261*y + 10682. Calculate k(41).
-19
Let h(l) = -164*l + 151. What is h(1)?
-13
Let w(s) = -4*s**3 + 3*s**2 - 5. What is w(2)?
-25
Let z(y) = y**2 - 62*y + 282. Determine z(5).
-3
Let h(y) = 2*y**2 - 43*y - 9. What is h(23)?
60
Let s(j) = 11156*j + 78099. Determine s(-7).
7
Let g(i) = 915*i + 20083. Calculate g(-22).
-47
Let z(o) = -o**2 + 10*o + 1152. What is z(39)?
21
Let g(x) = x**3 - 5*x**2 - 13*x - 15. Calculate g(7).
-8
Let k(u) = -2*u**3 + 48*u**2 + 47*u. Give k(-1).
3
Let w(n) = -7*n**2 + 15*n - 30. Give w(6).
-192
Let h(o) = -7*o**2 - 18*o - 22. What is h(-4)?
-62
Let v(o) = -366*o + 735. What is v(2)?
3
Let z(p) = 36*p + 1521. Give z(-42).
9
Let f(u) = 5*u**2 - 352*u + 131. What is f(70)?
-9
Let p(r) = -r**3 + 35*r**2 - r + 72. What is p(35)?
37
Let b(h) = 6*h**3 + 156*h**2 + 153*h + 53. Determine b(-25).
-22
Let j(k) = -k**3 + k**2 + 47*k - 246. Determine j(5).
-111
Let c(h) = -h**3 + 112*h**2 - 440*h + 540. What is c(108)?
-324
Let o(w) = -97*w**3 - 83*w**2 - 84*w. Give o(-1).
98
Let d(b) = -2*b + 53. Calculate d(3).
47
Let u(q) = 445*q - 2741. Determine u(6).
-71
Let t(x) = x**3 + 23*x**2 - 12*x - 162. Determine t(-23).
114
Let w(g) = -g**2 + 21*g + 564. Give w(36).
24
Let z(f) = 2*f - 11. Determine z(3).
-5
Let m(d) = -47*d - 869. Calculate m(-19).
24
Let g(y) = 1388*y - 5560. What is g(4)?
-8
Let s(c) = -3*c**2 + 16*c + 875. Calculate s(20).
-5
Let x(k) = 2184*k + 8727. Give x(-4).
-9
Let z(k) = -13*k**2 + 116*k + 6. What is z(9)?
-3
Let o(w) = -2*w**2 + 33*w - 7. Determine o(18).
-61
Let x(b) = b**2 - 148*b - 2631. Determine x(164).
-7
Let c(d) = 24*d**2 - 99*d - 3. What is c(4)?
-15
Let b(y) = -107*y + 1040. What is b(8)?
184
Let z(m) = 7*m**3 + 27*m**2 - 8*m - 10. Calculate z(-4).
6
Let o(f) = 57*f + 407. Calculate o(-7).
8
Let p(c) = -2*c**3 + 13*c**2 - 60*c + 120. Give p(4).
-40
Let w(d) = 36*d + 573. Determine w(-18).
-75
Let m(l) = l**2 + 111*l - 2800. What is m(-132)?
-28
Let u(x) = -11*x + 174. Determine u(0).
174
Let o(m) = -252*m - 2853. What is o(-11)?
-81
